10*r - 26, -71 = 3*y + 4*r. Let q(t) = -t**3 + t**2 - t + 3. Let l be q(0). Let j(o) = 2*o**2 + 1 - 5*o - l*o**2 + 2*o. Determine j(y).
-9
Let z(f) = -3*f**2 + 26*f - 10. Suppose -4*t = -5*b + 22, -9*b + 29 = -4*b - 3*t. Give z(b).
-50
Let k(o) be the second derivative of -o**4/12 - 17*o**3/6 + 21*o**2/2 + 18*o + 41. Give k(-18).
3
Let v(d) = 3*d - 12. Let m(t) be the first derivative of -t**4/4 + 17*t**3/3 - 9*t**2 + 40*t - 67. Let o be m(16). Give v(o).
12
Let n(s) = -s - 1. Suppose -10*f + 15*f - 15 = 0. Suppose -3*v - 5*y = 33, f*y - 57 = -3*v + 6*v. Let u = v + 19. Calculate n(u).
-4
Suppose 0 = -357*o + 350*o - 21. Let x(j) = 2*j**3 + 9*j**2 + 12*j + 10. Let l be x(o). Let v(p) = -8*p + 2. Calculate v(l).
-6
Let w(x) = 4*x**2 + 191*x - 433. Let b be w(-50). Let f(d) = d**2 - 18*d + 15. Determine f(b).
-2
Suppose -11102 = -d - 11097. Let l(q) = -q**3 + q**2 - q + 11. Give l(d).
-94
Let n(f) = -f**3 + 5*f**2 + 4*f + 6. Let x = -26 - -27. Suppose -5*w - t = -13, -3*w + t = -2*w + x. Suppose 0 = -3*y + r + 23 - 7, 4 = w*r. Give n(y).
-6
Let z(k) be the first derivative of -4*k**2 + 36*k + 42. Let h be z(5). Let c(t) = -28 + 2*t**2 - 2*t + 12 - 3*t**2 + 17. Calculate c(h).
-7
Let b(f) be the third derivative of -7*f**6/30 + f**5/60 + f**3/6 + 6509*f**2. Calculate b(-1).
30
Let n(b) = -2*b + 7. Let f(i) = 11 + 22*i - 5*i - 5*i - 15*i. Let r(h) = 15*h - 54. Let d(o) = -24*f(o) - 5*r(o). Let l(x) = 6*d(x) - 5*n(x). What is l(2)?
-15
Let z(m) be the second derivative of m**5/20 - 5*m**4/12 + m**3/6 - 27*m**2/2 - 545*m - 3. Calculate z(5).
-22
Let k = -20 - -22. Let x be (4/(-20)*9)/(k/(-10)). Let t(a) = -7*a**3 - 4*a + 4. Let d(v) = 15*v**3 + 9*v - 9. Let u(w) = x*t(w) + 4*d(w). Calculate u(-1).
3
Let k(q) = 2*q. Let w(r) = -5*r + 9. Let i be w(-3). Let b = 17 + i. Suppose b*x + 12 = 45*x. Calculate k(x).
6
Let g(n) = -103*n - 730. Let z be g(-7). Let c(r) = -r**2 - 16*r - 76. Determine c(z).
-13
Let n(i) be the second derivative of 1/6*i**3 - i**2 - 17*i + 1/12*i**4 + 3. Give n(0).
-2
Let o(m) be the second derivative of m**4/12 + 5*m**3/6 + 2*m**2 + 662*m. Let b(j) be the first derivative of 2*j**2 + 3*j + 6. Let t be b(-2). What is o(t)?
4
Let i be (165/(-6))/(-5) - (-1)/2. Suppose -i*n = 3*n - 315. Suppose -n = -11*w + 6*w. Let q(c) = c**3 - 8*c**2 + 8*c - 9. What is q(w)?
-2
Let y be -5*(-5 + (-46)/(-10)). Suppose 3*r - y*q = 28, -32 = -4*r + 2*q + 4. Suppose 2*o - 6*o = -r*o. Let x(m) = m + 5. Determine x(o).
5
Let j be (-2)/(-1) - (-24)/32*-4. Let i = 76 - 71. Let m(d) = 7*d - 2*d**3 - 11*d**2 + 1 - i*d + 13*d**2 + d**3. What is m(j)?
2
Let d(y) = y**3 - 7*y**2 + 7*y. Suppose 0*s + 2 = s. Let t be (25/5 - -7)/(s/(-4)). Let r = 30 + t. Calculate d(r).
6
Let i(j) = j**2 + 2*j + 1. Suppose -6 + 11 = -z + f, -3*z = -f + 9. Let x be i(z). Let u(t) = -3*t**2 + 6*t**2 - 2*t**2. Give u(x).
1
Let b(i) be the second derivative of 0 - 33*i + 1/6*i**3 - 1/2*i**2 + 1/20*i**5 + 2/3*i**4. Suppose 4*q + 20 + 12 = 0. Give b(q).
-9
Let m(t) = t**2 + 13*t + 19. Let x(s) = 516*s - 528. Let n be x(1). Determine m(n).
7
Let h(r) be the third derivative of -5*r**4/24 - 5*r**3/3 + 1453*r**2. Determine h(5).
-35
Let c be 25/9 + 4/18. Suppose 0*f + f - c = 0. Let m(d) = 2 - f - 2*d - 2*d + 5*d. Calculate m(3).
2
Let y(l) be the third derivative of -l**4/4 - 2*l**3/3 - l**2. Suppose 464*v - 462*v - 2*n = -2, -2 = n. Give y(v).
14
Let l(y) be the third derivative of -y**5/20 - 29*y**4/24 - 7*y**3/6 + 1114*y**2 + 6*y. Calculate l(-8).
33
Let r(w) be the first derivative of 13/3*w**3 - 5*w - 1/4*w**4 - 310 - 5*w**2. Calculate r(12).
19
Suppose -n - 4*a = -5, -n + 2*a - a + 15 = 0. Let l be 27 + 4/2 + 0. Let h(k) = -15 - n - 2*k + l + k. What is h(7)?
-6
Suppose -2*f - 72 = -3*o, 3*o + 2*f = -2*o + 120. Suppose 18*v = o*v + 18. Let x(b) = 3 - 2*b**2 + 4*b**2 + 2*b - 4*b**2 + b**2. Calculate x(v).
-12
Let k(f) = -f**2 + f - 3. Let c(q) = -q**3 - q**2 - q - 6. Let i(m) = -10 - 1 + 9*m - m**2 - 9. Let v be i(6). Let u be c(v). Determine k(u).
-3
Let t be 12/(-3) + (-42)/588*-42. Let o(b) = 5 - 4 - 4*b**2 + b + 17*b**2. Give o(t).
13
Let g(w) = 19*w**2 + w - 1. Let f(o) = -10*o + 155. Let b be f(15). Let x(l) = 23*l**2 + l - 1. Let m(p) = b*x(p) - 6*g(p). Calculate m(1).
1
Let c be (-28)/(-4) - (12 + -14)/(-3 - -5). Let t(w) = 8*w - 60. What is t(c)?
4
Suppose 100 = 3*t - 50. Suppose t*z = 45*z + 10. Let o(q) = q**3 - 2*q**2 - q + 1. Calculate o(z).
-1
Let h(m) be the first derivative of -m**3/3 + 13*m**2 - 152*m - 112. Let w be h(8). Let n(f) = f + 8. Determine n(w).
0
Let k(s) = s**3 - s**2 - 2*s - 7. Let p(o) = 12*o - 57. Let w be ((-260)/78)/(4/(-6)). Let q be p(w). What is k(q)?
5
Let g(h) be the second derivative of -h**6/120 + h**5/15 + h**4/12 + h**3 - 13*h**2/2 - 18*h + 2. Let n(a) be the first derivative of g(a). Give n(5).
-9
Let u(j) = -73*j + 1090. Let i be u(15). Let f(p) = -2*p**2 - 9*p - 8. What is f(i)?
-13
Let l(u) = 2*u**3 + 22*u**2 - 2*u - 21. Let b = -24220 - -24209. Give l(b).
1
Let g(w) = -w + 5. Let v(l) = l**3 + 38*l**2 + 7. Let c(r) = 9*r - 173. Let h be c(15). Let j be v(h). What is g(j)?
-2
Let w(u) be the third derivative of -u**6/120 - u**5/12 - u**4/8 - u**3/6 - 3*u**2 + 33*u. Let i(a) = -a**3 + 10*a**2 - 22*a + 112. Let h be i(9). What is w(h)?
14
Let d(v) = v**2 + 17*v - 132. Let y be d(-23). Suppose -32*h + 26*h = -y. Let o(m) = -m**3 + 5*m**3 - m - 2*m**3 + 2*m**2. Give o(h).
3
Let v(k) = 11*k - 6. Let l(b) = -b - 5. Let h(m) = -26*m + 42. Let c(i) = -h(i) - 5*l(i). Let d(f) = -4*c(f) + 11*v(f). What is d(-3)?
11
Let b(d) = -6 + 133 - 127 + 14*d. Let a(l) = -l**2 - 2*l + 1. Let u be a(-2). Determine b(u).
14
Let h(d) = 7*d + 6. Let l(f) = 11*f + 10. Let k(t) = t**3 - 2*t**2 - 7*t + 1. Let r be k(4). Let q(j) = r*l(j) - 8*h(j). Determine q(-3).
5
Let d(s) = s - 6. Let t(b) be the first derivative of -b**2 + 16*b - 158. Let r(x) = 7*d(x) + 3*t(x). Let n(k) = k**2 + 5*k + 6. Let h be n(-5). Give r(h).
12
Suppose 0 = 3*d - q, 0 = -5*d + 5*q + 2 - 12. Let j be 0/((2/6)/(d/3)). Let x(a) = j*a**3 - 1 - 5*a**2 + 3 + a**3 + 15*a - 12*a. Determine x(4).
-2
Let g(s) = -3*s**2 + s + 3. Let z = -9063 - -9066. Determine g(z).
-21
Let b(n) = -n**2 + 3*n. Let i(w) = -97*w**2 - 4073*w + 37. Let x be i(-42). What is b(x)?
-40
Let o(k) = 11*k**2 + 26*k + 16. Let t(q) = -2. Let s(f) = o(f) + 2*t(f). Let i(g) = 19*g**2 + 51*g + 25. Let l(c) = -3*i(c) + 5*s(c). Give l(-11).
-4
Suppose 10*x - 5*x = 2*t + 27, -2*t = -x - 1. Let r(j) = 5 - 28*j - x*j + 32*j. Determine r(-10).
35
Suppose y = i + 2*y + 5, -4*i + 3*y + 1 = 0. Let h(o) = 3*o**3 - o**2 + 91*o - 2. Let z(s) = s**3 - s**2 + 22*s - 1. Let l(u) = -h(u) + 4*z(u). Determine l(i).
-16
Let d be (-4)/(-7) + (-3400)/(-2380). Let b(z) = -z**2 + 6*z + 2. Let v be b(5). Let g(o) = 8 - 5*o**d - 2*o + 0*o - v. Give g(-2).
-15
Let c(q) be the third derivative of q**3 - q**2 + 0 - 9*q - 3/8*q**4 + 1/30*q**5. Determine c(6).
24
Let y(i) = -2*i. Suppose -5*u = -l - 18, 2*l = 5*l + u + 6. Let o be ((-9)/(441/(-28)))/((-4)/14). Let q = o - l. Give y(q).
-2
Let i(q) = -44*q + 47. Let s be i(1). Let n(k) = -7*k**3 - 3*k**2 + 29*k**3 - 12*k**3 - 11*k**s - 2 - 2*k. Give n(-2).
-2
Suppose -41 - 25 = -22*x. Let z(f) = 6*f - 7*f + 8*f**2 - 2*f - 5*f + 3 + f**x. Calculate z(-9).
-6
Let j(b) = b**2 - 6*b + 3. Let y = 3605 - 3599. Calculate j(y).
3
Suppose 3*n + 9 = 3*a, -n - 13 = -5*a + 2*n. Suppose a*j = -2 - 4. Let r(p) be the third derivative of -p**6/120 - p**5/30 + p**4/24 + 5*p**2. What is r(j)?
6
Let i(r) = 7*r - 4. Let j(k) = 11*k**2 - k - 2. Let w be 2/(((-16)/40)/((-2)/(-10))). Let q be j(w). Suppose 11 = 7*p - q. What is i(p)?
17
Let p = 7505 - 7511. Let t(q) = -4*q**3 - 10*q**2 - q + 5. Let o(m) = 5*m**3 + 11*m**2 - 4. Let f(l) = -3*o(l) - 4*t(l). Calculate f(p).
4
Let k = 4 + 0. Let c(h) be the second derivative of h**7/2520 - h**5/60 + 13*h**4/6 + 2*h + 5. Let r(v) be the third derivative of c(v). What is r(k)?
14
Suppose -13 + 3 = -5*b. Let w(n) = -104*n - 8*n**2 + 10*n**2 - b + 108*n. Give w(-4).
14
Let b(f) be the first derivative of -f**5/30 - 29*f**2 + 119. Let m(h) be the second derivative of b(h). Determine m(-1).
-2
Let a(i) = -i**3 + 4*i**2 - 4*i - 2. Suppose 14 = 5*m + 3*k, 24*m - 27*m + 5*k + 56 = 0. C